70047 prime?
False
Is 162572167 composite?
True
Is 89694509 a prime number?
True
Is 24668279 a composite number?
True
Is 35826563 prime?
False
Is 25131739 a prime number?
True
Is 8674873 a composite number?
True
Is 12236203 a composite number?
True
Is 11866235 prime?
False
Is 1567317 a prime number?
False
Is 552187 a composite number?
True
Is 26737 a prime number?
True
Is 320998 prime?
False
Is 518033 prime?
False
Is 609908935 prime?
False
Is 3160643 prime?
True
Is 407164903 composite?
False
Is 14507939 a composite number?
False
Is 11453851 prime?
False
Is 3159107 a prime number?
False
Is 105073169 a prime number?
True
Is 248844413 a composite number?
False
Is 4595057 prime?
False
Is 65069857 composite?
True
Is 54080381 a composite number?
False
Is 45739301 a composite number?
False
Is 1303739 prime?
True
Is 1870381 composite?
False
Is 1412969 composite?
False
Is 3623861 composite?
False
Is 592349423 prime?
True
Is 1799969 composite?
False
Is 10298305 a composite number?
True
Is 41604211 a prime number?
False
Is 1373787347 a composite number?
False
Is 1156927 prime?
True
Is 6007927 a prime number?
True
Is 25841 a prime number?
True
Is 11602397 a composite number?
True
Is 366889 a composite number?
False
Is 6437911 composite?
True
Is 998251 prime?
False
Is 3005161 a prime number?
True
Is 229505401 composite?
False
Is 68640869 a composite number?
True
Is 6805615 prime?
False
Is 109861693 a composite number?
False
Is 11578699 a prime number?
False
Is 659999 prime?
True
Is 5101643 a composite number?
False
Is 1580849 prime?
True
Is 24724141 composite?
True
Is 251101313 composite?
True
Is 19186003 composite?
False
Is 159331 prime?
False
Is 1067513 a prime number?
False
Is 1158247 a prime number?
True
Is 3525686 a composite number?
True
Is 122362843 a prime number?
True
Is 28218053 a prime number?
True
Is 30468331 prime?
False
Is 17342929 composite?
False
Is 14720921 prime?
False
Is 60864605 prime?
False
Is 439807391 a composite number?
True
Is 257547599 prime?
False
Is 34350053 composite?
False
Is 1485359 prime?
False
Is 6650591 composite?
False
Is 250420717 composite?
False
Is 57475391 a prime number?
False
Is 10739129 a composite number?
False
Is 344622101 prime?
True
Is 249313 a composite number?
True
Is 76732073 prime?
False
Is 34431053 a prime number?
False
Is 99846641 a prime number?
True
Is 446623 a composite number?
True
Is 37623869 composite?
True
Is 2495491 a prime number?
False
Is 803293 a composite number?
True
Is 8970411 a composite number?
True
Is 10119761 prime?
False
Is 3303637 composite?
False
Is 917781 composite?
True
Is 5491217 composite?
False
Is 417899 composite?
False
Is 16935847 composite?
False
Is 5984185 a prime number?
False
Is 2379667 composite?
True
Is 53937817 a prime number?
True
Is 485544013 composite?
True
Is 157523323 prime?
False
Is 1362173 a prime number?
False
Is 4712773 prime?
False
Is 28707041 a prime number?
False
Is 2092129 prime?
False
Is 110356801 a composite number?
True
Is 1150823411 composite?
False
Is 777071 composite?
False
Is 3346205 a composite number?
True
Is 604348057 a prime number?
True
Is 2980753 prime?
True
Is 180722005 prime?
False
Is 147164907 prime?
False
Is 30828901 a prime number?
False
Is 14136919 prime?
True
Is 193309827 a composite number?
True
Is 6779307 a prime number?
False
Is 150535661 a prime number?
True
Is 24639571 a prime number?
False
Is 800257 a composite number?
True
Is 34078303 prime?
False
Is 126393809 a composite number?
True
Is 893522663 a composite number?
True
Is 221809 a composite number?
True
Is 419057941 a prime number?
True
Is 4024361 prime?
False
Is 4002499 composite?
False
Is 333492437 a prime number?
True
Is 2720557 a composite number?
True
Is 21476723 composite?
False
Is 12423799 prime?
True
Is 315521149 a composite number?
False
Is 158502467 prime?
True
Is 2235061 prime?
False
Is 3032269 prime?
False
Is 52302011 a composite number?
False
Is 1999453 a composite number?
True
Is 122708309 composite?
True
Is 29125049 composite?
False
Is 53428789 prime?
True
Is 30734863 prime?
True
Is 15330047 a prime number?
True
Is 4624303 prime?
False
Is 392025191 a composite number?
True
Is 24188651 composite?
True
Is 4512199 prime?
True
Is 940159 a composite number?
True
Is 202514017 prime?
False
Is 4712531 composite?
False
Is 1289103 a prime number?
False
Is 12574387 a prime number?
False
Is 9904085 a composite number?
True
Is 6309323 a composite number?
True
Is 8360081 prime?
True
Is 2657299 composite?
True
Is 22135999 a prime number?
True
Is 277003541 prime?
True
Is 2382469 a prime number?
False
Is 150471707 composite?
True
Is 18390893 a composite number?
True
Is 27176089 a composite number?
False
Is 4288331 prime?
False
Is 269440741 a prime number?
True
Is 723739 composite?
False
Is 43776821 a prime number?
False
Is 295513 a prime number?
True
Is 21632729 prime?
False
Is 521571797 prime?
True
Is 259907 a prime number?
True
Is 30935587 a prime number?
True
Is 3012049 composite?
False
Is 97574131 a composite number?
False
Is 23151939 a composite number?
True
Is 56243741 composite?
False
Is 74820813 a composite number?
True
Is 19147939 prime?
True
Is 3326971 composite?
False
Is 31562711 prime?
True
Is 101997199 prime?
True
Is 1100747 a prime number?
True
Is 26832739 a composite number?
False
Is 17922841 composite?
True
Is 486147367 a prime number?
False
Is 43368443 prime?
False
Is 105763433 a prime number?
True
Is 846399751 a prime number?
True
Is 20543179 prime?
True
Is 299927311 prime?
False
Is 100254499 a composite number?
True
Is 103130233 a composite number?
True
Is 3443501 a composite number?
False
Is 1940117 prime?
False
Is 3955877 a composite number?
False
Is 540026549 a prime number?
True
Is 37031923 a composite number?
False
Is 662887 a composite number?
True
Is 1875131 a prime number?
True
Is 13624049 prime?
False
Is 157588051 prime?
False
Is 20826037 composite?
True
Is 28458299 a composite number?
False
Is 2651123 prime?
False
Is 3794907 a composite number?
True
Is 59842049 prime?
True
Is 12142799 a composite number?
True
Is 10319317 prime?
True
Is 4043129 a prime number?
True
Is 305093 prime?
True
Is 44674723 prime?
True
Is 3393917 prime?
False
Is 279971569 composite?
False
Is 6285271 a composite number?
False
Is 95889971 a prime number?
True
Is 7288063 a composite number?
False
Is 1738981 a prime number?
False
Is 5403211 a prime number?
False
Is 342791 composite?
False
Is 75497 a prime number?
False
Is 141250259 prime?
True
Is 51674263 a prime number?
True
Is 58193777 a prime number?
False
Is 2945003 a composite number?
True
Is 131869279 prime?
False
Is 727253 composite?
True
Is 81746647 composite?
False
Is 431025281 composite?
False
Is 484931 a prime number?
False
Is 259804877 a composite number?
False
Is 23339741 prime?
True
Is 145212479 composite?
True
Is 160805809 a composite number?
True
Is 33179 prime?
True
Is 5933563 prime?
False
Is 148545493 a composite number?
False
Is 12056513 a composite number?
True
Is 21457871 prime?
True
Is 112173583 composite?
True
Is 2221349 composite?
True
Is 12271681 a prime number?
True
Is 434402897 prime?
True
Is 1808243 a prime number?
True
Is 528013 a prime number?
True
Is 15352021 a prime number?
False
Is 1202363 composite?
False
Is 639137 prime?
True
Is 200965 a composite number?
True
Is 2397151 composite?
False
Is 258743 a prime number?
True
Is 14306515 a prime number?
False
Is 143308411 prime?
True
Is 9762682 composite?
True
Is 9074699 a prime number?
False
Is 15881809 prime?
False
Is 44197687 a composite number?
True
Is 20723173 a composite number?
False
Is 228545957 prime?
True
Is 2143019 composite?
False
Is 253063 prime?
True
Is 3562771 a composite number?
False
Is 159392447 a prime number?
True
Is 353713235 a prime number?
False
Is 82716041 a prime number?
False
Is 104129 a composite number?
True
Is 100543591 composite?
False
Is 33309427 a composite number?
False
Is 25726067 composite?
True
Is 484725797 composite?
False
Is 2378891 a prime number?
True
Is 4472687 composite?
False
Is 14056849 prime?
True
Is 35828489 composite?
True
Is 937537 prime?
True
Is 2884729 a composite number?
True
Is 22571842 prime?
False
Is 4854811 composite?
True
Is 22006939 a composite number?
False
Is 1928779 a composite number?
True
I